{"id":83,"date":"2025-01-01T21:05:03","date_gmt":"2025-01-01T18:05:03","guid":{"rendered":"https:\/\/tfprotex.com\/?page_id=83"},"modified":"2025-01-03T20:17:32","modified_gmt":"2025-01-03T17:17:32","slug":"pelus-urunler","status":"publish","type":"page","link":"https:\/\/tfprotex.com\/?page_id=83","title":{"rendered":"Pelu\u015f \u00dcr\u00fcnler"},"content":{"rendered":"\n<div class=\"wp-block-buttons is-layout-flex wp-block-buttons-is-layout-flex\">\n<div class=\"wp-block-button\"><a class=\"wp-block-button__link wp-element-button\" href=\"https:\/\/tfprotex.com\/?page_id=118\">Mini Plush<\/a><\/div>\n<\/div>\n\n\n\n<div class=\"wp-block-buttons is-layout-flex wp-block-buttons-is-layout-flex\">\n<div class=\"wp-block-button\"><a class=\"wp-block-button__link wp-element-button\" href=\"https:\/\/tfprotex.com\/?page_id=135\">Plush<\/a><\/div>\n<\/div>\n\n\n\n<p><\/p>\n","protected":false},"excerpt":{"rendered":"","protected":false},"author":1,"featured_media":0,"parent":0,"menu_order":0,"comment_status":"closed","ping_status":"closed","template":"","meta":{"footnotes":""},"class_list":["post-83","page","type-page","status-publish","hentry"],"_links":{"self":[{"href":"https:\/\/tfprotex.com\/index.php?rest_route=\/wp\/v2\/pages\/83","targetHints":{"allow":["GET"]}}],"collection":[{"href":"https:\/\/tfprotex.com\/index.php?rest_route=\/wp\/v2\/pages"}],"about":[{"href":"https:\/\/tfprotex.com\/index.php?rest_route=\/wp\/v2\/types\/page"}],"author":[{"embeddable":true,"href":"https:\/\/tfprotex.com\/index.php?rest_route=\/wp\/v2\/users\/1"}],"replies":[{"embeddable":true,"href":"https:\/\/tfprotex.com\/index.php?rest_route=%2Fwp%2Fv2%2Fcomments&post=83"}],"version-history":[{"count":4,"href":"https:\/\/tfprotex.com\/index.php?rest_route=\/wp\/v2\/pages\/83\/revisions"}],"predecessor-version":[{"id":140,"href":"https:\/\/tfprotex.com\/index.php?rest_route=\/wp\/v2\/pages\/83\/revisions\/140"}],"wp:attachment":[{"href":"https:\/\/tfprotex.com\/index.php?rest_route=%2Fwp%2Fv2%2Fmedia&parent=83"}],"curies":[{"name":"wp","href":"https:\/\/api.w.org\/{rel}","templated":true}]}}